{"version":"1.0","provider_name":"Externa","provider_url":"https:\/\/www.externacorporativo.com\/es\/","author_name":"Programacion","author_url":"https:\/\/www.externacorporativo.com\/es\/author\/programacion\/","title":"ESPA\u00d1A: Retribuci\u00f3n de consejeros ejecutivos - Externa","type":"rich","width":600,"height":338,"html":"<blockquote class=\"wp-embedded-content\" data-secret=\"Y43gC7Nfdq\"><a href=\"https:\/\/www.externacorporativo.com\/es\/espana-retribucion-de-consejeros-ejecutivos\/\">ESPA\u00d1A: Retribuci\u00f3n de consejeros ejecutivos<\/a><\/blockquote><iframe sandbox=\"allow-scripts\" security=\"restricted\" src=\"https:\/\/www.externacorporativo.com\/es\/espana-retribucion-de-consejeros-ejecutivos\/embed\/#?secret=Y43gC7Nfdq\" width=\"600\" height=\"338\" title=\"\u00abESPA\u00d1A: Retribuci\u00f3n de consejeros ejecutivos\u00bb \u2014 Externa\" data-secret=\"Y43gC7Nfdq\" frameborder=\"0\" marginwidth=\"0\" marginheight=\"0\" scrolling=\"no\" class=\"wp-embedded-content\"><\/iframe><script>\n\/*! This file is auto-generated *\/\n!function(c,d){\"use strict\";var e=!1,o=!1;if(d.querySelector)if(c.addEventListener)e=!0;if(c.wp=c.wp||{},c.wp.receiveEmbedMessage);else if(c.wp.receiveEmbedMessage=function(e){var t=e.data;if(!t);else if(!(t.secret||t.message||t.value));else if(\/[^a-zA-Z0-9]\/.test(t.secret));else{for(var r,s,a,i=d.querySelectorAll('iframe[data-secret=\"'+t.secret+'\"]'),n=d.querySelectorAll('blockquote[data-secret=\"'+t.secret+'\"]'),o=new RegExp(\"^https?:$\",\"i\"),l=0;l<n.length;l++)n[l].style.display=\"none\";for(l=0;l<i.length;l++)if(r=i[l],e.source!==r.contentWindow);else{if(r.removeAttribute(\"style\"),\"height\"===t.message){if(1e3<(s=parseInt(t.value,10)))s=1e3;else if(~~s<200)s=200;r.height=s}if(\"link\"===t.message)if(s=d.createElement(\"a\"),a=d.createElement(\"a\"),s.href=r.getAttribute(\"src\"),a.href=t.value,!o.test(a.protocol));else if(a.host===s.host)if(d.activeElement===r)c.top.location.href=t.value}}},e)c.addEventListener(\"message\",c.wp.receiveEmbedMessage,!1),d.addEventListener(\"DOMContentLoaded\",t,!1),c.addEventListener(\"load\",t,!1);function t(){if(o);else{o=!0;for(var e,t,r,s=-1!==navigator.appVersion.indexOf(\"MSIE 10\"),a=!!navigator.userAgent.match(\/Trident.*rv:11\\.\/),i=d.querySelectorAll(\"iframe.wp-embedded-content\"),n=0;n<i.length;n++){if(!(r=(t=i[n]).getAttribute(\"data-secret\")))r=Math.random().toString(36).substr(2,10),t.src+=\"#?secret=\"+r,t.setAttribute(\"data-secret\",r);if(s||a)(e=t.cloneNode(!0)).removeAttribute(\"security\"),t.parentNode.replaceChild(e,t);t.contentWindow.postMessage({message:\"ready\",secret:r},\"*\")}}}}(window,document);\n<\/script>\n","description":"A la luz del debate existente en relaci\u00f3n a la remuneraci\u00f3n de consejeros ejecutivos respecto a la interpretaci\u00f3n que suscitan los art\u00edculos 217 y 249 de la Ley de Sociedades de Capital, el cual ya se daba casi por zanjado con la sentencia de la sala de lo Civil del Tribunal Supremo de febrero de [&hellip;]"}

ESPAÑA: Retribución de consejeros ejecutivos - Externa

<blockquote class="wp-embedded-content" data-secret="Y43gC7Nfdq"><a href="https://www.externacorporativo.com/es/espana-retribucion-de-consejeros-ejecutivos/">ESPAÑA: Retribución de consejeros ejecutivos</a></blockquote><iframe sandbox="allow-scripts" security="restricted" src="https://www.externacorporativo.com/es/espana-retribucion-de-consejeros-ejecutivos/embed/#?secret=Y43gC7Nfdq" width="600" height="338" title="«ESPAÑA: Retribución de consejeros ejecutivos» — Externa" data-secret="Y43gC7Nfdq" frameborder="0" marginwidth="0" marginheight="0" scrolling="no" class="wp-embedded-content"></iframe><script>
/*! This file is auto-generated */
!function(c,d){"use strict";var e=!1,o=!1;if(d.querySelector)if(c.addEventListener)e=!0;if(c.wp=c.wp||{},c.wp.receiveEmbedMessage);else if(c.wp.receiveEmbedMessage=function(e){var t=e.data;if(!t);else if(!(t.secret||t.message||t.value));else if(/[^a-zA-Z0-9]/.test(t.secret));else{for(var r,s,a,i=d.querySelectorAll('iframe[data-secret="'+t.secret+'"]'),n=d.querySelectorAll('blockquote[data-secret="'+t.secret+'"]'),o=new RegExp("^https?:$","i"),l=0;l<n.length;l++)n[l].style.display="none";for(l=0;l<i.length;l++)if(r=i[l],e.source!==r.contentWindow);else{if(r.removeAttribute("style"),"height"===t.message){if(1e3<(s=parseInt(t.value,10)))s=1e3;else if(~~s<200)s=200;r.height=s}if("link"===t.message)if(s=d.createElement("a"),a=d.createElement("a"),s.href=r.getAttribute("src"),a.href=t.value,!o.test(a.protocol));else if(a.host===s.host)if(d.activeElement===r)c.top.location.href=t.value}}},e)c.addEventListener("message",c.wp.receiveEmbedMessage,!1),d.addEventListener("DOMContentLoaded",t,!1),c.addEventListener("load",t,!1);function t(){if(o);else{o=!0;for(var e,t,r,s=-1!==navigator.appVersion.indexOf("MSIE 10"),a=!!navigator.userAgent.match(/Trident.*rv:11\./),i=d.querySelectorAll("iframe.wp-embedded-content"),n=0;n<i.length;n++){if(!(r=(t=i[n]).getAttribute("data-secret")))r=Math.random().toString(36).substr(2,10),t.src+="#?secret="+r,t.setAttribute("data-secret",r);if(s||a)(e=t.cloneNode(!0)).removeAttribute("security"),t.parentNode.replaceChild(e,t);t.contentWindow.postMessage({message:"ready",secret:r},"*")}}}}(window,document);
</script>

A la luz del debate existente en relación a la remuneración de consejeros ejecutivos respecto a la interpretación que suscitan los artículos 217 y 249 de la Ley de Sociedades de Capital, el cual ya se daba casi por zanjado con la sentencia de la sala de lo Civil del Tribunal Supremo de febrero de [&hellip;]
